ainder when 1120388 is divided by 21?
17
Calculate the remainder when 25215 is divided by 477.
411
Calculate the remainder when 2823625 is divided by 100842.
49
Calculate the remainder when 156279 is divided by 2484.
2271
Calculate the remainder when 11827 is divided by 2190.
877
Calculate the remainder when 125506103 is divided by 4216.
4215
What is the remainder when 2218422 is divided by 71562?
0
What is the remainder when 26326 is divided by 26305?
21
Calculate the remainder when 1452780 is divided by 161419.
9
Calculate the remainder when 302649 is divided by 60496.
169
Calculate the remainder when 296706 is divided by 481.
410
What is the remainder when 14427505 is divided by 901718?
17
Calculate the remainder when 1316612 is divided by 80.
52
Calculate the remainder when 1828115 is divided by 694.
119
What is the remainder when 946945 is divided by 136?
113
What is the remainder when 114117 is divided by 2026?
661
Calculate the remainder when 377987 is divided by 1083.
20
What is the remainder when 8139026 is divided by 131?
127
What is the remainder when 348243 is divided by 241?
239
Calculate the remainder when 3801494267 is divided by 17.
14
What is the remainder when 1018824 is divided by 409?
5
What is the remainder when 160788 is divided by 40194?
12
Calculate the remainder when 48325054 is divided by 456.
454
What is the remainder when 36188 is divided by 4998?
1202
What is the remainder when 418148 is divided by 138376?
3020
What is the remainder when 157201 is divided by 22?
11
What is the remainder when 46271 is divided by 3134?
2395
What is the remainder when 325450 is divided by 507?
463
What is the remainder when 5434002 is divided by 37?
34
What is the remainder when 10852995 is divided by 4?
3
Calculate the remainder when 7002194 is divided by 2334062.
8
What is the remainder when 5839446 is divided by 12140?
106
What is the remainder when 1509770 is divided by 1055?
65
What is the remainder when 1371907 is divided by 116?
91
Calculate the remainder when 8006764 is divided by 727885.
29
What is the remainder when 1115222 is divided by 24?
14
Calculate the remainder when 746505 is divided by 776.
769
Calculate the remainder when 550738242 is divided by 1059.
1056
What is the remainder when 7558950 is divided by 858?
828
What is the remainder when 206701 is divided by 7108?
569
Calculate the remainder when 951160 is divided by 15341.
18
What is the remainder when 44385744 is divided by 29?
26
What is the remainder when 52986 is divided by 17650?
36
Calculate the remainder when 70858331 is divided by 140.
131
What is the remainder when 193968093 is divided by 952?
949
What is the remainder when 214712 is divided by 3909?
3626
What is the remainder when 322905 is divided by 53773?
267
What is the remainder when 1094932 is divided by 547432?
68
Calculate the remainder when 334519 is divided by 82898.
2927
What is the remainder when 1374668326 is divided by 6168?
6166
What is the remainder when 3232054 is divided by 124?
118
What is the remainder when 3223 is divided by 2764?
459
Calculate the remainder when 15330 is divided by 5080.
90
What is the remainder when 3506515 is divided by 250?
15
Calculate the remainder when 14475 is divided by 2404.
51
What is the remainder when 59483412 is divided by 361?
359
What is the remainder when 95001564 is divided by 846?
840
Calculate the remainder when 3210 is divided by 282.
108
Calculate the remainder when 91528 is divided by 45.
43
What is the remainder when 1840293 is divided by 873?
9
Calculate the remainder when 11032304 is divided by 170.
154
What is the remainder when 73873060 is divided by 246?
244
Calculate the remainder when 2004158 is divided by 1224.
470
What is the remainder when 65431521 is divided by 273?
246
What is the remainder when 4737810 is divided by 118?
110
What is the remainder when 28802 is divided by 490?
382
Calculate the remainder when 54878006 is divided by 2081.
2036
What is the remainder when 4026178 is divided by 1006535?
38
What is the remainder when 112103 is divided by 3721?
473
Calculate the remainder when 57715 is divided by 7640.
4235
Calculate the remainder when 25667413 is divided by 1393.
1388
What is the remainder when 49986845 is divided by 51586?
11
What is the remainder when 1935586 is divided by 148886?
68
What is the remainder when 351816184 is divided by 6552?
6544
Calculate the remainder when 55516963 is divided by 1836.
1831
Calculate the remainder when 501017 is divided by 5032.
2849
What is the remainder when 7376171 is divided by 2694?
2693
What is the remainder when 29380315 is divided by 480?
475
Calculate the remainder when 18573 is divided by 5585.
1818
Calculate the remainder when 4679397 is divided by 22071.
345
Calculate the remainder when 15543628 is divided by 25.
3
What is the remainder when 5363870 is divided by 198659?
77
What is the remainder when 37029491 is divided by 14?
9
What is the remainder when 316517598 is divided by 5800?
5798
Calculate the remainder when 672078 is divided by 35219.
2917
What is the remainder when 2286476 is divided by 8376?
8204
What is the remainder when 1569391289 is divided by 1602?
1601
What is the remainder when 924324 is divided by 40?
4
What is the remainder when 41406 is divided by 20539?
328
What is the remainder when 208198 is divided by 188?
82
Calculate the remainder when 3151914 is divided by 59470.
4
What is the remainder when 66203 is divided by 16526?
99
Calculate the remainder when 113134993 is divided by 220.
213
What is the remainder when 418747 is divided by 357?
343
What is the remainder when 53352 is divided by 1701?
621
What is the remainder when 1820126 is divided by 121341?
11
What is the remainder when 144241 is divided by 4807?
31
Calculate the remainder when 8640 is divided by 86.
40
Calculate the remainder when 6810 is divided by 1118.
102
What is the remainder when 49699269 is divided by 406?
403
Calculate the remainder when 148248 is divided by 7400.
248
Calculate the remainder when 8251406 is divided by 8613.
152
Calculate the remainder when 301491 is divided by 750.
741
Calculate the remainder when 66939 is divided by 383.
297
What is the remainder when 1659247 is divided by 193?
26
What is the remainder when 229210809 is divided by 624?
9
Calculate the remainder when 24861567 is divided by 967.
964
Calculate the remainder when 36017 is divided by 11669.
1010
Calculate the remainder when 1133477 is divided by 3047.
3040
What is the remainder when 91154043 is divided by 8187?
8172
What is the remainder when 3007362 is divided by 1326?
1320
Calculate the remainder when 120886 is divided by 30180.
166
What is the remainder when 5991775 is divided by 261?
259
Calculate the remainder when 2895210 is divided by 90475.
10
What is the remainder when 445624 is divided by 37119?
196
Calculate the remainder when 1864491 is divided by 268.
15
What is the remainder when 349646 is divided by 69900?
146
Calculate the remainder when 15780422 is divided by 921.
8
What is the remainder when 4428251 is divided by 147608?
11
What is the remainder when 510243 is divided by 25499?
263
Calculate the remainder when 3604944 is divided by 50773.
61
Calculate the remainder when 15528130 is divided by 548.
2
What is the remainder when 26843861 is divided by 16830?
11
Calculate the remainder when 869441 is divided by 79032.
89
Calculate the remainder when 8852874 is divided by 15.
9
What is the remainder when 1919456 is divided by 137103?
14
Calculate the remainder when 290700 is divided by 475.
0
Calculate the remainder when 138725 is divided by 3236.
2813
Calculate the remainder when 2116878 is divided by 35.
8
What is the remainder when 133036 is divided by 245?
1
What is the remainder when 271319992 is divided by 27131997?
22
What is the remainder when 10161568 is divided by 885?
883
What is the remainder when 7002 is divided by 616?
226
Calculate the remainder when 1310707 is divided by 655340.
27
Calculate the remainder when 470441 is divided by 52271.
2
Calculate the remainder when 3698975 is divided by 318.
317
What is the remainder when 243204105 is divided by 42?
39
What is the remainder when 8027078 is divided by 31?
0
What is the remainder when 5372385 is divided by 441?
